 = -71 - -76. Suppose -q*i = -301 - m. Calculate the greatest common factor of 10 and i.
10
Let p(u) = -43*u - 272. Let x be p(-14). What is the greatest common divisor of 88 and x?
22
Suppose 3*b + 128 = b + q, 4*b + 262 = 5*q. Let s = 27 - b. Calculate the greatest common factor of s and 30.
30
Let t be 80/6 + (-1)/3. Let o = -5132 - -5275. Calculate the highest common divisor of t and o.
13
Let u = -1054 - -1262. Calculate the greatest common factor of u and 13.
13
Suppose -3*c - 10 = -4*c + 2*k, k = 5*c - 14. Let i = -8 - c. Let s be 3/5 - 794/i. What is the highest common divisor of 10 and s?
10
Let g be -2 + (8/((-2)/2) - -2). Let u be (-10)/(-4)*g/(-10). Suppose -p - 3*h = 4*p - 53, 5*h = 2*p - 15. Calculate the greatest common divisor of p and u.
2
Let g = -494 - -513. What is the greatest common divisor of 1121 and g?
19
Let l(q) = q**3 + 13*q**2 + q + 18. Let f be l(-13). What is the highest common divisor of 555 and f?
5
Let h(g) = 3*g**2 + 6*g - 7. Let m be h(-10). Suppose 5*x - 67 = m. Suppose 6*s - 9*s = -x. What is the greatest common divisor of s and 30?
10
Let n be 651/28*(8/3 - 0). What is the highest common divisor of 496 and n?
62
Suppose -5*l = -22 - 18. Let k be (160/28)/(20/(-28) - -1). Calculate the greatest common factor of k and l.
4
Let c(s) = -60*s - 60. Let h be c(-5). What is the highest common factor of h and 96?
48
Suppose 3*t + 3*p = 87, -4*p = 5*t - p - 151. Let w be 48*-8*2/(-3). Calculate the greatest common divisor of t and w.
32
Suppose -2*k + 3*z + 60 = 15, 75 = 2*k + 3*z. Suppose 178 = 2*u - o, 20 = -u + o + 108. What is the highest common divisor of k and u?
30
Suppose -2*k = 5*c - 1277 - 762, 0 = -2*k - c + 2019. What is the greatest common factor of 106 and k?
53
Let w = 240 + -150. Suppose 0 = -5*u + w - 10. Let g = -4 + u. Calculate the greatest common divisor of g and 30.
6
Let o be (-204)/(-18) + 4/6. Let p(m) = 2*m**2 + 6*m - m**2 - 6 - 5*m**2 + 5*m**2. Let s be p(o). Calculate the highest common divisor of 30 and s.
30
Let a be 1/(0 - (-2)/(-2))*-17. Calculate the highest common factor of 272 and a.
17
Let f = 164 + -162. Calculate the highest common divisor of f and 2.
2
Let n = -44 + 26. Let u be (-3 - n)/(12/8). What is the highest common divisor of 25 and u?
5
Suppose 0 = -4*t + 2*t - 5*j - 70, -3*t - 3*j - 105 = 0. Let g = t - -49. Suppose -2*w + 6 = 2. What is the greatest common factor of w and g?
2
Let z(v) = -39*v - 3. Let m be z(-12). Suppose 0*p = -5*p + 2*n + 490, -3*n = 5*p - m. Let o = 4 - -12. Calculate the greatest common factor of o and p.
16
Let j be 3 - 1/(1/(-27)). Suppose -2*f - j = 3*o - 5*f, -3*o = f + 50. Let m be 2/6 + (-10)/o. What is the greatest common factor of 8 and m?
1
Let j(c) = 4*c**2 - 2*c. Let u be j(-2). Let w = u - 10. Suppose 0 = -5*b + w*b - 165. Calculate the highest common divisor of b and 3.
3
Suppose 48*k - 27*k = 40*k - 722. Let q = 234 + -158. Calculate the highest common factor of k and q.
38
Let a be 12/(2*(-3)/(-9)). Suppose 6*r = 20*r - 2016. Calculate the highest common factor of a and r.
18
Let f(w) = w**3 + 10*w**2 - 5*w - 37. Let t be f(-10). Calculate the highest common divisor of t and 117.
13
Let a(g) = 6*g + 65. Let y be a(15). What is the greatest common factor of y and 93?
31
Suppose -4*s - 2*c + 12 = -32, s - 14 = -2*c. Suppose -4*z = -s - 2. Suppose -2*f - z*f = -175. What is the highest common divisor of 14 and f?
7
Suppose 1215 = 30*f - 15*f. What is the highest common divisor of 18 and f?
9
Let q = -185 - -304. What is the highest common divisor of 17 and q?
17
Suppose 0 = -5*j + 105 + 55. Let u(h) = 0*h - 2*h + 7*h - 8 - h. Let n be u(4). Calculate the greatest common divisor of j and n.
8
Suppose -142 = -10*h + 38. What is the highest common factor of 81 and h?
9
Suppose 24 = 2*o - 0. Suppose -11*s - 30 = -o*s. What is the greatest common divisor of s and 10?
10
Suppose -5*p - i = -3845, 17*p - 16*p - 4*i = 748. Calculate the greatest common divisor of 32 and p.
32
Let l = -309 + 313. Let x be (10/(-3) - -2)*-3. What is the greatest common divisor of l and x?
4
Let v be 667*8/36 - (-2)/(-9). Calculate the greatest common divisor of v and 111.
37
Suppose -k = -2*g - 0*k + 31, -2*k = 2. What is the highest common divisor of 30 and g?
15
Let t = -3 - -21. Let x = -10 - -13. Suppose -18 = -x*w + w. Calculate the highest common divisor of w and t.
9
Suppose -4 = -2*u, 0*y - 52 = -2*y + 3*u. Suppose -103 - y = -4*s. Calculate the highest common factor of 99 and s.
33
Let u = 17 + 1. Let l be u/45 + (2 - 838/(-5)). Calculate the greatest common divisor of 68 and l.
34
Suppose 3*k - 49 = -4*o, -2*k = -o + 3 + 23. What is the greatest common factor of o and 108?
4
Let z be ((-24)/(-10))/(21/70). Suppose -6*s + 3*s - 5*q + 2 = 0, -5*q = 2*s - z. Let d be (s/5)/((-3)/75). What is the highest common factor of d and 45?
15
Suppose 20*n - 2*n - 900 = 0. Calculate the highest common factor of n and 125.
25
Let u be -5*((-4)/(-10))/((-2)/3). Suppose -u*r + 2*s = -165, -5*r = -r + 5*s - 243. What is the greatest common factor of 3 and r?
3
Suppose 0 = 43*g - 52*g + 1035. Calculate the greatest common factor of g and 69.
23
Suppose 3*h + 90 = 8*h. Suppose -9 = -21*c + 20*c. What is the highest common divisor of h and c?
9
Let y(w) = -w**2 - w + 5. Let f(r) = -r**2 + 4 - 30*r + 30*r. Let x(u) = -5*f(u) + 4*y(u). Let o be x(-3). What is the highest common divisor of o and 231?
21
Let i = 0 + 1. Let h(b) = 2*b. Let f be h(i). Suppose -f*v = -0*v - 12. What is the greatest common divisor of v and 48?
6
Let l = 689 + -513. Calculate the highest common divisor of 66 and l.
22
Let r = -922 + 1002. Calculate the greatest common factor of r and 360.
40
Let r be -5 + (-7 - -60 - 8/4). What is the greatest common factor of 345 and r?
23
Suppose -13 = -3*h + 29. Let j be 16/7 + 34/(-119). What is the highest common divisor of h and j?
2
Suppose 0 = 54*y - 53*y - 18. Calculate the highest common divisor of 2628 and y.
18
Let f = 13 + -5. Let g(i) = 17*i - 31. Let y(h) = h**3 + 5*h**2 - 3*h - 8. Let o be y(-5). Let c be g(o). What is the highest common factor of f and c?
8
Let o = 103 + -106. Let u be (105/9)/(o/(-36)*4). What is the highest common factor of 14 and u?
7
Let v be 1*2*(-8073)/(-26). What is the greatest common divisor of v and 23?
23
Suppose 0 = -12*p + 8*p + 752. Suppose -4*z + 2*c = -314, -3*z - 5*c + 255 = 26. Let o = p - z. What is the greatest common divisor of o and 44?
22
Let v be (284 - 1) + (-10)/(-5). Suppose 0 = -4*w + 2*o - o + v, -3*o = -9. Calculate the greatest common divisor of 9 and w.
9
Let g(n) = 7*n**2 + 20*n. Let w be g(-5). What is the highest common factor of w and 675?
75
Let x = 14 + -6. Suppose -10*h + 259 = -221. What is the highest common factor of x and h?
8
Let m be (-55 - -54)/((-2)/4). What is the greatest common divisor of 16 and m?
2
Let j be (102/(-18))/(3/(-162)). Calculate the highest common factor of j and 18.
18
Let a = -375 + 459. What is the highest common divisor of a and 196?
28
Suppose 0 = 3*n - 5*n + 8. Suppose -2*y + p + 14 = 2*y, 2*p = n. What is the highest common factor of y and 16?
4
Suppose 5*f = 4*d + d - 475, -4*d = 4*f - 340. Suppose 2 + 16 = z. Calculate the greatest common factor of d and z.
18
Suppose 3 = n + 1. Suppose -5*m - 702 = -2*b, -6*b + n*b + 1372 = -2*m. Calculate the highest common factor of 31 and b.
31
Let y be (-13)/(-39) - 22/(-6). Suppose -21 = -y*d + 31. Suppose 111 = 4*f - 357. Calculate the greatest common factor of d and f.
13
Let r(p) = 2*p + 31. Let n be r(-17). Let z be (100/(-15))/(2/n). Calculate the highest common divisor of 30 and z.
10
Suppose 1128 = 550*w - 542*w. Calculate the highest common divisor of 188 and w.
47
Let m(y) = 4*y**2 + 3*y - 6. Let v be m(-12). Let k = v - 326. What is the highest common divisor of 13 and k?
13
Let x = -666 + 1139. Calculate the greatest common divisor of 43 and x.
43
Let y(r) = r**2 + 15*r + 11. Let t be y(-15). Suppose -4*f - t = 4*m - 187, -m + 134 = 3*f. What is the highest common factor of 18 and f?
9
Let c = 380 - 375. Calculate the highest common factor of c and 19.
1
Let v = 44 - -145. Let t = v - 61. Calculate the greatest common divisor of t and 16.
16
Let o(l) = 5*l - 35. Let w = 40 + -24. Let j be o(w). Calcula